rime factors of f.
2, 5
Let i = 152 - -236. List the prime factors of i.
2, 97
Let o(a) be the third derivative of 0 + 13/6*a**3 - 4*a**2 + 0*a - 3/8*a**4 - 1/60*a**5. What are the prime factors of o(-9)?
13
Let w(k) = 18*k + 19. Let o be w(7). Suppose 9*d = 4*d + o. What are the prime factors of d?
29
Let f(i) = -1158*i - 48. What are the prime factors of f(-1)?
2, 3, 5, 37
Suppose 2*c - 2*o = -5*o + 29, -3*o - 6 = -3*c. Suppose c*s - 4*s = 234. What are the prime factors of s?
2, 3, 13
Suppose -8 - 4 = -4*v. Let o be v/9 + (-122)/6. What are the prime factors of -10*4/o*22?
2, 11
Let h = 243 + 1036. What are the prime factors of h?
1279
Suppose 3*h - 5 - 1 = 0. Let m(o) = -14*o - 4. Let d(s) = -4*s - 1. Let y(b) = -9*d(b) + 2*m(b). What are the prime factors of y(h)?
17
Let p = -228 + 433. Suppose -8*k + 3*k = -25, -2*a + p = 3*k. List the prime factors of a.
5, 19
Let m(v) be the first derivative of -v**4/4 - 2*v**3 - 4*v**2 - 19*v - 43. What are the prime factors of m(-8)?
173
Suppose -4*c = -2*c. Suppose 0 = -3*o - 2*o + 95. Suppose 5*z = -2*s + o, c = 3*s - 5*z + 2 - 18. What are the prime factors of s?
7
What are the prime factors of 112 - (-4 - (-4 - -2))?
2, 3, 19
Let p be 2705/35 + 6/(-21). Let t = -63 + p. What are the prime factors of t?
2, 7
Let h = 637 - 424. Suppose -m + h = 2*m. List the prime factors of m.
71
Let o(n) = -3*n**3 - n**2 + 2. Let x be -1 - (-2 - (2 - 3)). Suppose x = 3*w + w + 8. List the prime factors of o(w).
2, 11
Let g be (-2 - -17)*((-392)/6)/7. Let x = -63 - g. What are the prime factors of x?
7, 11
Let r(d) = -d**3 + 8*d**2 + 9*d - 11. Suppose -w = -3 - 5. What are the prime factors of r(w)?
61
Suppose -3*d + 26 = 4*q, -3 = 2*d - 6*d + q. Suppose 2*x - 2*g = 6, x + 0*g - 2*g + d = 0. Let s(f) = 6*f - 17. What are the prime factors of s(x)?
31
Suppose -5 - 15 = -5*t. Suppose -t*k + 5*k = 28. What are the prime factors of k?
2, 7
Suppose 2*o = 4*f + 5682, 3*o + 3*f = 4013 + 4519. List the prime factors of o.
2843
Let j be (12/(-4) - -5 - -37) + -2. Let c(m) = m**3 + 5*m**2 + 4*m + 2. Let g be c(-3). Let y = j - g. What are the prime factors of y?
29
Let i(c) = 4*c**2. Let a be i(-1). Suppose a*y + 3 = 3*y. Let g(v) = -11*v - 6. What are the prime factors of g(y)?
3
Suppose 0 = -4*i - 12, 2*i - 12 = 2*s - 3*s. Let h = -28 - -33. Let l = s + h. What are the prime factors of l?
23
Let b(i) = 3*i**2 - 2*i - 12. Let r(c) = -2*c**2 + 2*c + 11. Let z(w) = 6*b(w) + 7*r(w). List the prime factors of z(-3).
5, 7
Let t(y) = -221*y**2 - 225*y**2 - 17*y + 448*y**2 - 10. List the prime factors of t(10).
2, 5
Let v = 201 - 125. Suppose 5*k = 2*a + v, 5*k = -5*a - 1 + 91. What are the prime factors of k?
2
Suppose 0 = -14*w + 19*w - 1975. List the prime factors of w.
5, 79
Let r(k) = 908*k**2 - 6*k - 6. What are the prime factors of r(-1)?
2, 227
Let j = -12 + 9. Let r = -7 - j. List the prime factors of -3*(r/2 + -3).
3, 5
Let b = 20 + -29. Let z = b - -15. Let l = z - 4. List the prime factors of l.
2
Suppose 3*l = -3*d + 354, -89 = -l + 5*d + 35. List the prime factors of l.
7, 17
Suppose 2*n - n - 51 = 5*p, 2*n = -2*p + 102. Let y = 71 - n. What are the prime factors of y?
2, 5
Let y(a) = a - 22. Let g be y(18). Let f be 2/g*(-11 - -11). Suppose -3*b + 5 = -4*b, 4*v - 5*b - 69 = f. List the prime factors of v.
11
Let q(r) = 2*r**2 + 9*r - 6. Let d = 4 - -10. Let g be d*(9/(-2) - -4). What are the prime factors of q(g)?
29
Suppose -5*r - 7 = -37. What are the prime factors of ((-12)/r)/(2/(-43))?
43
Suppose c = u + 3*c - 179, 4*u - 743 = c. Suppose -2*l - u = -593. List the prime factors of l.
2, 3, 17
Suppose 2*g - 3*c + 106 = 7*g, 5*g = c + 118. What are the prime factors of g?
23
Let t be 115 - 2/(-4)*6. Suppose k = 6*k - 2*q - t, -k = -4*q - 20. What are the prime factors of k?
2, 3
Let k be (-12)/54 + 47/9. Suppose 4*a + k*j = 15, -9 = -3*j - 0*j. Suppose a = q + 2*p + 6, 20 = -0*q + 4*q - 3*p. What are the prime factors of q?
2
Let p(x) = x**3 + x**2 - 2*x + 1. Let u be p(3). Suppose 36 = 5*r + u. List the prime factors of (-19 - -20)*9*r.
3
Let z(k) = k**3 + 7*k**2 + k + 10. Let o be z(-7). What are the prime factors of 187/o + 3/(-9)?
2, 31
Let m(z) = z**2 - 8*z + 14. Let u be (4 + -5 + 3)*1. Suppose 0 = -2*p - 4*q - 2 - 2, -u*p + 2*q + 26 = 0. What are the prime factors of m(p)?
2, 7
Suppose -5*z - 2 = -6*z. Suppose z*f - 163 + 1 = 0. What are the prime factors of f?
3
Let k(b) = 5*b - 5. What are the prime factors of k(2)?
5
List the prime factors of (-101)/2*(-35 + 5).
3, 5, 101
Let m = -8 + 211. What are the prime factors of m?
7, 29
Let s(x) = x**3 - x**2 - x + 4. Suppose -10*u = -7*u. Let b be s(u). Suppose 0 = -b*y + 4*q + 60, -79 = -5*y - q - 16. List the prime factors of y.
13
Let z(b) = -2*b + 20. Let i be z(-5). What are the prime factors of 4152/i - (-6)/10?
139
Let i = 2284 - 1864. List the prime factors of i.
2, 3, 5, 7
Suppose 5*b - 1924 = -4*w, -2*b + 5*w + 1259 = 496. Suppose 3*s = -3*l + 670 - 124, -2*l + b = -3*s. List the prime factors of l.
2, 3, 31
Suppose -33*a + 47740 = -5*a. List the prime factors of a.
5, 11, 31
Suppose 5*u - a = 23775 - 7464, 5*a = 4*u - 13053. List the prime factors of u.
2, 7, 233
Let l(c) = -c**3 + 5*c**2 - 2*c - 5. Let w be l(4). Let t = w - 10. Let v = 1 - t. List the prime factors of v.
2
Let j(k) = 5*k**2 + 24*k + 12. List the prime factors of j(7).
5, 17
Suppose 0*k - 12 = -4*k. Suppose 206 = k*o + 11. List the prime factors of o.
5, 13
Suppose 9*s + 1521 = 12*s. List the prime factors of s.
3, 13
Let z(h) = 2*h + 14. Let i be z(-10). Let w = i + 4. List the prime factors of (w/(-1) - -3) + 1.
2, 3
Let g be ((-5)/15)/((-1)/(-93))*3. Let f = g + 164. What are the prime factors of f?
71
Let y = 30 + -14. Let f = -11 + y. Suppose 0 = -f*v - 6 + 116. List the prime factors of v.
2, 11
Let s(q) = 5*q. Let j be s(1). Suppose -6 = j*h - 306. Suppose 2*f = -f + h. What are the prime factors of f?
2, 5
Let z = -4465 + 8038. List the prime factors of z.
3, 397
Let m(v) = -17*v - 69. Let y(f) = -25*f - 103. Let w(o) = -7*m(o) + 5*y(o). What are the prime factors of w(-21)?
2, 47
Let p(m) = 68*m**2 - 2*m - 2. Suppose -5*t + 5*j = -0*t + 20, -3*t - 2*j = -3. List the prime factors of p(t).
2, 17
Let m(n) = 25*n**2 + 1 - n + 0*n + 2*n - 8*n**2. List the prime factors of m(-3).
151
Suppose 0 = -s + 339 + 53. List the prime factors of s.
2, 7
Suppose -2*t + 8 = -4*j - 0, -2*t - j + 18 = 0. Let i = -22 + t. Let w(h) = h + 42. List the prime factors of w(i).
2, 7
Suppose 460 = 30*v - 29*v. What are the prime factors of v?
2, 5, 23
Let r(y) = 5*y - 4 + 6*y + 0 - 4*y. List the prime factors of r(6).
2, 19
Let s(u) = u - 12. Let t be s(7). Let b(l) = 3729 - 4*l**2 - 3724 - l**3 + l**2 + 5*l. List the prime factors of b(t).
2, 3, 5
Let o = 83 + -67. Suppose -49 + o = -c. What are the prime factors of c?
3, 11
Suppose 0 = -257*z + 259*z - 286. List the prime factors of z.
11, 13
Let z(m) = -9*m**2 + 12*m - 1. Let l(q) = 8*q**2 - 12*q + 1. Let j(b) = 7*l(b) + 6*z(b). List the prime factors of j(9).
5, 11
Suppose 5*g + 4*f = 859, 4 = 4*f - 0. What are the prime factors of g?
3, 19
Suppose -29013 = -32*w + 34699. List the prime factors of w.
11, 181
Let x(q) = q + 5. Let c be x(0). Suppose -p = 2, 297 = c*i - p + 15. Suppose -v - v = -i. What are the prime factors of v?
2, 7
Suppose -35*t + 27*t + 752 = 0. What are the prime factors of t?
2, 47
Suppose -1 + 6 = -5*w - 5*l, -5*l - 8 = 4*w. Suppose 8*m - 2*j - 509 = 3*m, -j = -w. List the prime factors of m.
103
Let s be (-2)/(-2) - (1 + -2). Suppose -s*x = a + 4*a + 249, -3*a + 2*x = 159. Let m = 3 - a. List the prime factors of m.
2, 3
Suppose 4*n - 10 = 9*n. What are the prime factors of 1/(-4)*18*n?
3
Let s = 30 - 21. Suppose -5 + 2 = 4*v - l, -2*v - s = -3*l. Suppose v = -2*w + 15 + 17. List the prime factors of w.
2
Let o be 3/1*2/3. Suppose o*l = -t - 14 - 3, -2*l + 3*t + 3 = 0. List the prime factors of 90/20*(-4)/l.
3
Suppose -19*r = -14*r. Suppose -4*h = l - 1052, 5*h + r*l - 1302 = 2*l. What are the prime factors of h?
2, 131
Let m be 1 - ((-22)/55 + (-1173)/5). Suppose -3*p + m = 2*v, -2*p + 36 = 2*v - 196. What are the prime factors of v?
2, 7
Let t = -16 + 20. Suppose f + 173 = 4*s + t*f, 0 = -s + 2*f + 57. What are the 